Let j(h) be the second derivative of -h**5/20 - 25*h**4/12 + 13*h**3/3 + 3*h**2 - 76*h + 4. Calculate j(-26).
6
Suppose -3*m + 2*j = -107, -3*m + 0*j + 121 = 5*j. Let f = -35 + m. Let y(c) = -c**3 - 2*c. Determine y(f).
-12
Let q be (-5 - -3)/((-1)/(-2)). Let i = q + -1. Let y(w) = -14*w + 1. Let a(g) = 5*g. Let s(d) = 17*a(d) + 6*y(d). Give s(i).
1
Suppose -17 - 2 = -l. Suppose 0 = 3*u - 2*h - 10, -u = 4*u - h - l. Suppose 0 = -t + 2*t - u. Let s(z) = z**3 - 3*z**2 - 2*z + 1. Calculate s(t).
9
Let s(m) = 5*m - 1. Let o(u) = -26*u + 4. Let v(i) = -o(i) - 5*s(i). Suppose -7*c + 5 = -2*c. What is v(c)?
2
Suppose -2*z = 0, g + 1 = 4*z - 2. Let b = g + 7. Suppose 3*c - b = c. Let y(p) = -p**3 - 2. Give y(c).
-10
Let f(n) = -n**3 - n**2 - n - 1. Let i be f(-1). Let y(m) = -6*m - 2. Let q be y(-2). Let v(x) = q - 10 - x. Give v(i).
0
Let k(p) = 723*p**2 - 363*p**2 + 26*p - 14 - p - 358*p**2. Calculate k(-13).
-1
Let v(o) be the first derivative of -o**2/2 + 12*o + 237. What is v(5)?
7
Let v(u) be the first derivative of 3*u**2/2 + 3*u + 391. Suppose -3*r + w = 20 + 2, -5*r - w = 26. Calculate v(r).
-15
Let f(s) = 2*s**3 - 22*s**2 + 50*s - 10. Let t be f(8). Let y(x) = x**3 - 6*x**2 - 2*x + 1. Give y(t).
-11
Let u(v) = 3*v**2 - 2*v + 1. Suppose 0 = -q - 5*q + 198. Suppose 2*d - 96 = 5*d. Let r = d + q. Calculate u(r).
2
Let q(c) = 20*c - 20. Let r(z) = -7*z + 7. Let v(w) = -4*w + 42. Let p be v(14). Let d(k) = p*r(k) - 5*q(k). Calculate d(2).
-2
Let u(d) = d**2 + d - 2. Let o(w) = -5*w**2 - 17*w + 24. Let h(b) = o(b) + 6*u(b). Give h(14).
54
Let m be (-3*1)/(-5 + 4/8). Let u(d) be the third derivative of m*d**3 + 1/12*d**4 + 0 + 5*d**2 - 1/20*d**5 + 0*d - 1/120*d**6. Give u(-3).
-2
Let z(h) = -h**3 - 11*h**2 - 11*h + 10. Let y = 60 + -70. Determine z(y).
20
Let r(q) be the third derivative of 0 - 6*q**2 + 1/120*q**5 - q**3 + 1/8*q**4 + 1/360*q**6 + 0*q. Let a(y) be the first derivative of r(y). Calculate a(0).
3
Suppose 0 = 48*j - 62*j. Let k(l) = l**2 - l - 2. Calculate k(j).
-2
Suppose 4*a = -5*i + 2, 0 = -4*a - i - 9 + 19. Let x(w) = w**3 - w**2 - 2*w - 18. Give x(a).
-6
Let f(d) = 25*d**3 + 9*d**2 + 11*d + 2. Let s(z) = -5*z - 1 - 87*z**3 + 74*z**3 - z - 5*z**2. Let x(k) = -6*f(k) - 11*s(k). Determine x(1).
-7
Let o = 4 - -1. Let z = o - 4. Let g(a) = -2*a + 44. Let d(r) = -2. Let n(y) = -44*d(y) - 2*g(y). What is n(z)?
4
Let o = 16 + -8. Let g(m) = 0 - 7*m - 4 + o*m. Calculate g(2).
-2
Let v(u) = -5*u**2 - 6*u - 12. Let i(g) = -g**2 - g - 2. Let n(q) = 6*i(q) - v(q). Determine n(5).
-25
Let g be (-4)/6 - (-3)/(-9). Let a be 2/g*(0 + 6)/12. Let f(i) = 2*i**2 + i. Give f(a).
1
Let p(f) = f**3 - 6*f**2 - 11*f + 17. Let w = -2017 + 2024. Give p(w).
-11
Let c(q) = -2*q - 4. Let h(w) = -w + 1. Let x(k) = -c(k) + 4*h(k). Let s(z) = -z**2 - 12*z - 14. Let m be s(-10). Determine x(m).
-4
Let x(i) be the first derivative of i**5/60 - i**4/4 + i**3/6 + 8*i**2 - 24. Let w(q) be the second derivative of x(q). Suppose v - 4 - 2 = 0. Give w(v).
1
Let f(g) = 2*g - 5*g + 3*g**2 - 1 - 2*g**2. Suppose 10 = -88*q + 92*q - 6. What is f(q)?
3
Let g(s) be the second derivative of 1/12*s**4 + 0 + 1/20*s**5 - 7*s + 0*s**3 - 3/2*s**2. Calculate g(0).
-3
Let o(k) be the third derivative of -k**4/6 + k**3/6 - 22*k**2 - 6*k. Suppose 4*g - 5 = -1. Give o(g).
-3
Let k(s) = -s. Suppose -3*t - 22 = -t. Let y = 15 + t. Suppose 5*x - y*a - 4 + 3 = 0, 2*x = -2*a + 4. Give k(x).
-1
Let a(o) = o**2 - 12*o + 2. Let x be a(12). Let c(q) = -11*q**2 - 2 + 12*q**2 + 8*q - x*q. Calculate c(-6).
-2
Let w = 1855 + -1843. Let v(b) = b**3 - 12*b**2 + b + 8. Calculate v(w).
20
Let k(t) = 11*t + 8. Let y(z) = 9*z + 10. Let c(w) = -5*k(w) + 6*y(w). Give c(13).
7
Let d be (-1 + 24)/(1/3). Suppose -d = -5*m + 36. Suppose -4*r - m = 5*l + 13, -r - 16 = 5*l. Let x(k) = k**2 + 5*k - 8. Calculate x(r).
-2
Let k = 30 - 24. Suppose 3*a = -5*x + k, 0*a - x + 6 = -a. Let o(f) = -7*f + 1. Let j(z) = -15*z + 3. Let d(q) = -4*j(q) + 9*o(q). Give d(a).
6
Let w(x) be the first derivative of -x**3/3 + 7*x**2 - 17*x + 31. Give w(12).
7
Let q(u) = 2*u**3 + 3*u**2 - 1. Let v(r) = 3*r + 16. Let n be v(-6). Calculate q(n).
-5
Suppose 10*f = -39 + 119. Let h(x) = x - 21. Calculate h(f).
-13
Let h(x) be the third derivative of -x**4/6 + x**3/3 + 14*x**2. Suppose -5*t - 14 = -0*t - 2*r, 0 = -t + 3*r - 8. What is h(t)?
10
Let o(y) = -34*y + 14. Let s(t) = 18*t - 6. Let j(k) = -2*o(k) - 5*s(k). What is j(2)?
-42
Suppose c + 28 = 4*f, 6*f - 2*c = 9*f - 10. Let t(l) = -l**2 + 7*l - 1. Determine t(f).
5
Let q(h) = 2*h - 8. Suppose -15*a + 21 = -12*a. What is q(a)?
6
Let f(b) be the first derivative of 2*b**2 - 6*b + 2. Let l(s) = -s + 1. Let p(v) = f(v) + 3*l(v). Let j = 629 - 623. Calculate p(j).
3
Let s(o) = -o**2 + o. Let q(n) = -n. Let k(m) = 4*q(m) - s(m). Let t be (-130)/(-2 - -4)*6/(-10). Let j = t - 33. Calculate k(j).
6
Suppose 0 = 5*x + 5*j - 100, 28 = 2*x - j - 9. Let g(q) = -q + 24. Let w be g(x). Let s(n) = -5*n - n**2 + 2*n**2 + 5 + 0*n. Determine s(w).
5
Let u(z) = 2*z**3 + 10*z**2 - 5. Let q(j) = j**3 - j**2 - j - 1. Let b(x) = q(x) - u(x). Give b(-11).
15
Let t(j) = j**2 - 7*j + 7. Suppose 112 + 2 = 19*z. Give t(z).
1
Let c(i) = -3 - i**3 + 3 - 2*i + 2*i**2 - 2*i**3. Calculate c(2).
-20
Let j(d) = 31*d + 2. Suppose -4*w + 5*n + 14 = -8*w, w + n = -3. What is j(w)?
-29
Let j(k) = 3*k**3 + 159*k**2 + 1. Let o be j(-53). Let p(n) be the third derivative of n**4/24 + n**3/6 + n**2. What is p(o)?
2
Let v(z) = -6*z - 37. Let w be v(-11). Let s(m) = 1 + m + 7*m**3 - w*m**3 + 3*m**3. Calculate s(-1).
19
Let t(p) = p + 8. Suppose 4*w = 8, -4*w = 5*b - 4*b - 1. What is t(b)?
1
Let f(n) be the third derivative of -2/3*n**3 + 0*n - 9*n**2 + 0 - 1/12*n**4. Give f(4).
-12
Let b(t) = 5*t**2 + 9*t + 8. Let h(m) = 3*m**2 + 5*m + 4. Let n(a) = 4*b(a) - 7*h(a). Suppose -i - 1 = -0. Let r be i/(2/(-6)) - -1. What is n(r)?
-8
Let o(k) = -k**2 + 4*k + 1. Let n(t) = -4*t + 4*t + t + 0*t. Let u(j) = -6*n(j) + o(j). Calculate u(1).
-2
Let p(c) = -c**2 + 8*c - 1. Let o(y) = -2*y**2 + 8*y + 21. Let q(f) = -f**2 + 8*f + 20. Let d(l) = -2*o(l) + 3*q(l). Let s be d(-6). Determine p(s).
11
Let t = -103 + 107. Let v(j) = 315*j + 1 + t*j**2 - 628*j + 307*j + j**3. Give v(-5).
6
Suppose -8*b + 4 = -7*b. Let n be -1 + 2 + 54/6. Let d(o) = 18 - n - b - 2*o. Calculate d(6).
-8
Let b(n) be the first derivative of -n**3/3 - 5*n**2/2 + 2*n + 9. Let f(v) = -2*v**2 - 10*v + 3. Let t(r) = 5*b(r) - 3*f(r). What is t(-4)?
-3
Let o(p) = -5*p**2 - 17. Let u(q) = 2*q**2 + 6. Let r(m) = 6*o(m) + 17*u(m). Suppose -11*a = -14*a + 3. What is r(a)?
4
Let s(v) = 3*v + 2. Let a(n) be the first derivative of 7/2*n**2 - 4 + 5*n. Let d(g) = -2*a(g) + 5*s(g). Give d(-5).
-5
Suppose -2*x + 4*g = -0*g - 50, -g - 3 = 0. Suppose -x = -5*f - 9. Let o(t) = -4 + t - f*t + t**3 + 3 + 6*t**2. Determine o(-6).
5
Let c = -97 + 109. Let l(i) = -4*i + 14. Calculate l(c).
-34
Suppose 4*y = -y. Let j(p) = 2*p - 7. What is j(y)?
-7
Let l(s) = -s**2 + 7*s - 3. Let m = 15 - 2. Let g be m - (-1 - 0)*1. Suppose 2*y + g = 2*t + 3*y, -31 = -3*t - 4*y. What is l(t)?
7
Let v(i) = i**2 - 9*i + 7. Suppose 4*d - 2*s - 24 = 0, 3*s - 18 = -7*d + 4*d. What is v(d)?
-11
Let y(s) = 2*s**2 - s + 7. Let c(t) = -16 + 3 - 3*t + 0*t**2 + 5*t - 3*t**2. Let f(g) = 6*c(g) + 11*y(g). Calculate f(-2).
13
Let f(o) = -o**2 + o + 4. Let n be ((-1)/(-2))/(20/(-160)). Determine f(n).
-16
Let m(l) = l + 6. Let g(b) = -b + 3. Let k be g(0). Let q be 54/(-12)*(-2)/k. Suppose q*f = -f. Calculate m(f).
6
Let u be 1/(3/(45/3)) - 0. Let t(d) be the second derivative of -1/12*d**4 + 2/3*d**3 - u*d + 0 - d**2. Determine t(3).
1
Let g(q) = 44*q + 19. Let l be g(-2). Let f = l - -62. Let i(v) = -v**2 - 7*v + 2. Give i(f).
2
Suppose -t - 2 = -2*t. Let c be (0 - t/2) + 5. Let k(v) = -2*v. Let p(r) = r**2 - 13*r - 2. Let f(u) = 3*k(u) - p(u). What is f(c)?
14
Let h(r) = -3*r - 3. Let z(i) be the third derivative of i**6/120 - i**4/6 - i**3/2 - 5*i**2. Let o = -5 + 3. Let j be z(o). Give h(j).
6
Let c(f) = -f + 8. Suppose z = -z + 8. Let r = z - 1. Suppose 4*d = -3*u + 14, 3*u - r*d = d + 22. Give c(u).
2
Let u(i) = -17*i**2 - 59*i + 119. Let g(o) = 3*o**2 + 12*o - 24. Let h(y) = -11*g(y) - 2*u(y). What is h(11)?
-7
Let 